{"id":1460,"date":"2025-10-13T16:20:02","date_gmt":"2025-10-13T14:20:02","guid":{"rendered":"https:\/\/www.tokotidi.net\/?page_id=1460"},"modified":"2025-10-13T17:23:28","modified_gmt":"2025-10-13T15:23:28","slug":"histoire-de-la-colonisation-de-la-terre-par-les-martiens","status":"publish","type":"page","link":"https:\/\/www.tokotidi.net\/?page_id=1460","title":{"rendered":"Histoire de la colonisation de la terre par les martiens"},"content":{"rendered":"\n<p>Nous autres Martiens sommes arriv\u00e9s sur la terre il y a 56 millions d&rsquo;ann\u00e9es au passage entre le Pal\u00e9oc\u00e8ne et l&rsquo;\u00c9oc\u00e8ne. c&rsquo;est la p\u00e9riode appel\u00e9es PETM (Maximum Thermique du passage Pal\u00e9oc\u00e8ne Eoc\u00e8ne )<\/p>\n\n\n\n<figure class=\"wp-block-gallery has-nested-images columns-default is-cropped wp-block-gallery-1 is-layout-flex wp-block-gallery-is-layout-flex\">\n<figure class=\"wp-block-image size-large\"><img loading=\"lazy\" decoding=\"async\" width=\"996\" height=\"607\" data-id=\"1462\" src=\"https:\/\/www.tokotidi.net\/wp-content\/uploads\/2025\/10\/PETM.png\" alt=\"\" class=\"wp-image-1462\" srcset=\"https:\/\/www.tokotidi.net\/wp-content\/uploads\/2025\/10\/PETM.png 996w, https:\/\/www.tokotidi.net\/wp-content\/uploads\/2025\/10\/PETM-300x183.png 300w, https:\/\/www.tokotidi.net\/wp-content\/uploads\/2025\/10\/PETM-768x468.png 768w, https:\/\/www.tokotidi.net\/wp-content\/uploads\/2025\/10\/PETM-732x447.png 732w\" sizes=\"auto, (max-width: 996px) 100vw, 996px\" \/><\/figure>\n<\/figure>\n\n\n\n<p>Le PETM a dur\u00e9 20.000 ans<\/p>\n\n\n\n<p>Les ressources de Mars ayant \u00e9t\u00e9 \u00e9puis\u00e9es, il nous fallait migrer vers une autre plan\u00e8te. La terre \u00e9tait un candidat envisageable pour nous, mais les temp\u00e9ratures \u00e9touffantes et la gravit\u00e9 \u00e9norme \u00e9taient des obstacles techniques \u00e0 franchir. La gravit\u00e9 sur Mars \u00e9tait de <strong>3,71 Newton\/kg<\/strong>, alors que celle de la terre \u00e9tait de <strong>9,81 Newton\/kg<\/strong>, soit plus de 2 fois et demi notre gravit\u00e9 martienne.<\/p>\n\n\n\n<p>Et en ce qui concerne la temp\u00e9rature, elle \u00e9tait beaucoup plus basse sur Mars que sur la terre (il y a cependant moins d&rsquo;\u00e9cart \u00e0 l&rsquo;\u00e9poque car la disparition de notre atmosph\u00e8re martienne a caus\u00e9 le froid actuel (-63\u00b0 \u00e0 l&rsquo;\u00e9quateur)<\/p>\n\n\n\n<h2 class=\"wp-block-heading\">Syst\u00e8mes de D\u00e9compression<\/h2>\n\n\n\n<h3 class=\"wp-block-heading\">Premi\u00e8re version<\/h3>\n\n\n\n<figure class=\"wp-block-image size-full\"><img loading=\"lazy\" decoding=\"async\" width=\"626\" height=\"412\" src=\"https:\/\/www.tokotidi.net\/wp-content\/uploads\/2025\/10\/pyramid_1-1.png\" alt=\"\" class=\"wp-image-1473\" srcset=\"https:\/\/www.tokotidi.net\/wp-content\/uploads\/2025\/10\/pyramid_1-1.png 626w, https:\/\/www.tokotidi.net\/wp-content\/uploads\/2025\/10\/pyramid_1-1-300x197.png 300w\" sizes=\"auto, (max-width: 626px) 100vw, 626px\" \/><\/figure>\n\n\n\n<h3 class=\"wp-block-heading\">Deuxi\u00e8me version<\/h3>\n\n\n\n<figure class=\"wp-block-image size-full\"><img loading=\"lazy\" decoding=\"async\" width=\"626\" height=\"412\" src=\"https:\/\/www.tokotidi.net\/wp-content\/uploads\/2025\/10\/pyramid_2.png\" alt=\"\" class=\"wp-image-1468\" srcset=\"https:\/\/www.tokotidi.net\/wp-content\/uploads\/2025\/10\/pyramid_2.png 626w, https:\/\/www.tokotidi.net\/wp-content\/uploads\/2025\/10\/pyramid_2-300x197.png 300w\" sizes=\"auto, (max-width: 626px) 100vw, 626px\" \/><\/figure>\n\n\n\n<h3 class=\"wp-block-heading\">Troisi\u00e8me version<\/h3>\n\n\n\n<figure class=\"wp-block-image size-full is-resized\"><img loading=\"lazy\" decoding=\"async\" width=\"626\" height=\"412\" src=\"https:\/\/www.tokotidi.net\/wp-content\/uploads\/2025\/10\/pyramid.png\" alt=\"\" class=\"wp-image-1470\" style=\"width:840px;height:auto\" srcset=\"https:\/\/www.tokotidi.net\/wp-content\/uploads\/2025\/10\/pyramid.png 626w, https:\/\/www.tokotidi.net\/wp-content\/uploads\/2025\/10\/pyramid-300x197.png 300w\" sizes=\"auto, (max-width: 626px) 100vw, 626px\" \/><\/figure>\n","protected":false},"excerpt":{"rendered":"<p>Nous autres Martiens sommes arriv\u00e9s sur la terre il y a 56 millions d&rsquo;ann\u00e9es au passage entre le Pal\u00e9oc\u00e8ne et l&rsquo;\u00c9oc\u00e8ne. c&rsquo;est la p\u00e9riode appel\u00e9es PETM (Maximum Thermique du passage Pal\u00e9oc\u00e8ne Eoc\u00e8ne ) Le PETM a dur\u00e9 20.000 ans Les ressources de Mars ayant \u00e9t\u00e9 \u00e9puis\u00e9es, il nous fallait migrer vers une autre plan\u00e8te. La [&hellip;]<\/p>\n","protected":false},"author":1,"featured_media":0,"parent":0,"menu_order":0,"comment_status":"closed","ping_status":"closed","template":"","meta":{"footnotes":""},"class_list":["post-1460","page","type-page","status-publish","hentry"],"_links":{"self":[{"href":"https:\/\/www.tokotidi.net\/index.php?rest_route=\/wp\/v2\/pages\/1460","targetHints":{"allow":["GET"]}}],"collection":[{"href":"https:\/\/www.tokotidi.net\/index.php?rest_route=\/wp\/v2\/pages"}],"about":[{"href":"https:\/\/www.tokotidi.net\/index.php?rest_route=\/wp\/v2\/types\/page"}],"author":[{"embeddable":true,"href":"https:\/\/www.tokotidi.net\/index.php?rest_route=\/wp\/v2\/users\/1"}],"replies":[{"embeddable":true,"href":"https:\/\/www.tokotidi.net\/index.php?rest_route=%2Fwp%2Fv2%2Fcomments&post=1460"}],"version-history":[{"count":10,"href":"https:\/\/www.tokotidi.net\/index.php?rest_route=\/wp\/v2\/pages\/1460\/revisions"}],"predecessor-version":[{"id":1476,"href":"https:\/\/www.tokotidi.net\/index.php?rest_route=\/wp\/v2\/pages\/1460\/revisions\/1476"}],"wp:attachment":[{"href":"https:\/\/www.tokotidi.net\/index.php?rest_route=%2Fwp%2Fv2%2Fmedia&parent=1460"}],"curies":[{"name":"wp","href":"https:\/\/api.w.org\/{rel}","templated":true}]}}